{"id":16,"date":"2012-12-19T05:26:17","date_gmt":"2012-12-19T03:26:17","guid":{"rendered":"https:\/\/lastminute-com.com\/reisen\/?page_id=16"},"modified":"2024-12-12T01:23:47","modified_gmt":"2024-12-11T23:23:47","slug":"home","status":"publish","type":"page","link":"https:\/\/lastminute-com.com\/reisen\/","title":{"rendered":"Reisen"},"content":{"rendered":"<h3>Hier finden Sie mehr als 600 Mio. Pauschalreiseangebote und \u00fcber 6 Mio. tagesaktuelle last-minute Angebote aller namhaften Veranstalter und k\u00f6nnen diese in sekundenschnelle Abfragen und buchen.<\/3><\/p>\n<p><iframe loading=\"lazy\" id=\"tbeIFrame\" src=\"https:\/\/tbe.travelsystem.de\/index.html#\/region?ngn=package&#038;pid=29203-2&#038;cntry=&#038;rgn=&#038;cty=&#038;giata=&#038;iff=\" width=\"100%\" height=\"4500\"><\/iframe><\/p>\n<p><center><\/p>\n<h5>Finden Sie g\u00fcnstige Pauschalreisen Reiseangebote f\u00fcr Ihren Urlaub im 1 2 3 4 5 Sterne Hotels mit Fr\u00fchst\u00fcck Halbpension All-inclusive Pauschalurlaub an den sch\u00f6nsten Urlaubsorten Weltweit aller Reiseveranstalter.<\/h5>\n<p><\/center><\/p>\n<h3>Pauschalreise g\u00fcnstig buchen im Preisvergleich<\/h3>\n<div class=\"tabber\">\n<div class=\"tabbertab\">\n<h3>Info<\/h3>\n<\/div>\n<div class=\"tabbertab\">\n<h3>.<\/h3>\n<p><tbe page=\"region\" param-pid=\"A-29203-2\" cntry=\"9029\" param-ngn=\u201dpackage\u201d><\/p>\n<div class=\"tbe-loading\"><\/div>\n<p><\/tbe><br \/>\n<strong><em>Anreise Abreise<\/em> <\/strong>\n<\/div>\n<\/div>\n","protected":false},"excerpt":{"rendered":"<p>Hier finden Sie mehr als 600 Mio. Pauschalreiseangebote und \u00fcber 6 Mio. tagesaktuelle last-minute Angebote aller namhaften Veranstalter und k\u00f6nnen diese in sekundenschnelle Abfragen und buchen. Finden Sie g\u00fcnstige Pauschalreisen Reiseangebote f\u00fcr Ihren Urlaub im 1 2 3 4 5 &hellip; <a href=\"https:\/\/lastminute-com.com\/reisen\/\">Weiterlesen <span class=\"meta-nav\">&rarr;<\/span><\/a><\/p>\n","protected":false},"author":1,"featured_media":0,"parent":0,"menu_order":0,"comment_status":"closed","ping_status":"open","template":"","meta":{"footnotes":""},"class_list":["post-16","page","type-page","status-publish","hentry"],"_links":{"self":[{"href":"https:\/\/lastminute-com.com\/reisen\/wp-json\/wp\/v2\/pages\/16","targetHints":{"allow":["GET"]}}],"collection":[{"href":"https:\/\/lastminute-com.com\/reisen\/wp-json\/wp\/v2\/pages"}],"about":[{"href":"https:\/\/lastminute-com.com\/reisen\/wp-json\/wp\/v2\/types\/page"}],"author":[{"embeddable":true,"href":"https:\/\/lastminute-com.com\/reisen\/wp-json\/wp\/v2\/users\/1"}],"replies":[{"embeddable":true,"href":"https:\/\/lastminute-com.com\/reisen\/wp-json\/wp\/v2\/comments?post=16"}],"version-history":[{"count":18,"href":"https:\/\/lastminute-com.com\/reisen\/wp-json\/wp\/v2\/pages\/16\/revisions"}],"predecessor-version":[{"id":8600,"href":"https:\/\/lastminute-com.com\/reisen\/wp-json\/wp\/v2\/pages\/16\/revisions\/8600"}],"wp:attachment":[{"href":"https:\/\/lastminute-com.com\/reisen\/wp-json\/wp\/v2\/media?parent=16"}],"curies":[{"name":"wp","href":"https:\/\/api.w.org\/{rel}","templated":true}]}}